 remainder when 1 is divided by n?
0
Suppose -14175 = -2*a - 25*a. What is the remainder when a is divided by 66?
63
Let q = -25 + 27. Suppose -q = -2*v + 4*v, -4*p + 11 = 5*v. What is the remainder when 15 is divided by p?
3
Let k be (-2 - -53) + -1 + 1. Suppose 9 = h - k. Calculate the remainder when h is divided by 16.
12
What is the remainder when 204 is divided by (-19)/(-114) - (-490)/12?
40
Let j(p) = 3*p**2 - 28*p - 1. Let n(d) = -4*d**2 + 29*d + 2. Let u(y) = 6*j(y) + 5*n(y). Calculate the remainder when u(-10) is divided by 12.
10
Let i = -417 + 439. Calculate the remainder when 284 is divided by i.
20
Suppose 0 = 5*q - 5*c - 45, 4*q + 2*c + 3 = 3*q. Suppose -34 - 36 = -q*l. Calculate the remainder when 26 is divided by l.
12
Calculate the remainder when (34 - 217)*(-4)/3 is divided by 19.
16
Let k be 11/(-55) + (-22)/(-10). Suppose -k*q + 33 = -1. Calculate the remainder when q is divided by 9.
8
Let h(i) = 38*i - 983. What is the remainder when h(28) is divided by 5?
1
Let i(q) = -q**3 + 3*q**2 - 3*q - 10. Let z(s) = -s**2 + 7*s + 4. Calculate the remainder when i(-2) is divided by z(6).
6
Let v(w) = -14*w + 4. Let j be v(-2). Let d = j + 49. Suppose -d - 14 = -5*f. Calculate the remainder when 75 is divided by f.
18
Suppose -3 = 3*a + 3. Let w(n) = 3*n - 4. Let p(x) = -7*x + 7. Let q(o) = a*p(o) - 5*w(o). What is the remainder when 37 is divided by q(-7)?
11
Suppose 6*h - h = 20. What is the remainder when (45/2 + 1)*8/h is divided by 25?
22
Let f(x) = -x**3 - 7*x**2 - 9*x + 2. Calculate the remainder when 114 is divided by f(-6).
14
Suppose 4*d - 132 = -4*o, 0 = -3*d + o - 2*o + 89. Suppose -10*m + 6*m + d = 0. What is the remainder when 24 is divided by m?
3
Let t = 76 + -35. Let f(p) = -171*p + 933. What is the remainder when f(5) is divided by t?
37
Suppose 62 = z + 2*i, -9 = i + 2*i. Suppose 0 = -3*g + 34 + z. What is the remainder when g is divided by 10?
4
Let o(f) = -f**3 + 3*f**2 + 2*f - 3. Let r be o(3). What is the remainder when -5*(0 + 1)*-25 is divided by 35 - (-5)/((-5)/r)?
29
Let q = 9 + -3. Let l = -146 - -148. Suppose l*m - i - i = 48, i = -3*m + 68. Calculate the remainder when m is divided by q.
5
Let a(o) = o + 21. Let x(s) be the second derivative of -s**5/20 + s**4/2 + 4*s**3/3 + 3*s**2/2 + s. Calculate the remainder when x(7) is divided by a(-15).
4
Let y(i) = 17*i**2 - 2. Let x be y(-1). Calculate the remainder when -2 - (-5)/(x/261) is divided by 22.
19
Suppose 188 = 8*h - 4*h. Calculate the remainder when 233 is divided by h.
45
Let x(n) = -n**2 - 44*n - 279. What is the remainder when 91 is divided by x(-33)?
7
Let a = 3 + -11. Let v(l) = -l**2 - 8*l + 6. Let o(p) = 51*p - 334. Calculate the remainder when o(7) is divided by v(a).
5
Suppose j + 2*x = 3*x - 12, 0 = 5*j - 3*x + 70. Let t = 31 + j. Calculate the remainder when 20 is divided by t/3*(-3)/(-2).
6
Suppose -4*t - t + 12 = -3*a, 4*a + 3*t = -16. Suppose 0 = 3*k + 3*w - 36, -3*k + 4*k - 12 = 5*w. Let o = k + a. What is the remainder when 47 is divided by o?
7
What is the remainder when 33572/210 - (-2)/15 is divided by 34?
24
Suppose n + 2*n + 5*a = -1, -3*n = 3*a - 9. What is the remainder when 48 is divided by n?
0
Let b be -10 + 3 + 40/(-5). Calculate the remainder when 110 is divided by (12/b + 2)/((-9)/(-120)).
14
Calculate the remainder when 113 is divided by -7 + 13 + (-9)/(-9).
1
Let c = 652 + -615. Calculate the remainder when 122 is divided by c.
11
Suppose 2*k = 22 - 12. Suppose -2*l - 177 = -k*f, 5*l = -3*f + 12 + 88. Calculate the remainder when f is divided by 9.
8
Calculate the remainder when 138 is divided by ((-181)/4 + 1)*104/(-78).
20
Suppose -135 = -11*t + 6*t. Suppose 0 = 4*b - 4*z - 76, 3*z - 36 - t = -5*b. What is the remainder when 54 is divided by b?
9
Let t(a) = 2*a**3 + a**2 + 2*a - 2. Let m(v) = 61*v - 7. Let o be m(3). Let r = -113 + o. Calculate the remainder when r is divided by t(2).
19
Suppose -30 = -2*s + 4*k, -k - 3 + 18 = 2*s. What is the remainder when 49 is divided by s?
4
Let o = -532 + 717. Calculate the remainder when o is divided by 27.
23
Let c(y) = -31*y + 173. Calculate the remainder when c(2) is divided by 79.
32
Let s = -38 + 53. What is the remainder when 40 is divided by (4 + s/(-6))*14?
19
Suppose 2*d - 506 = w, d - 253 = -11*w + 14*w. What is the remainder when d is divided by 39?
19
Let x = -1143 - -1213. Calculate the remainder when 279 is divided by x.
69
Let g = -32 - -34. Calculate the remainder when 46 is divided by 15/(-25)*-10*g.
10
Let l be (1 + -1)*3/6 + 3. Suppose k + 4*k = -l*u + 45, -2*u = 0. Calculate the remainder when 17 is divided by k.
8
Let o(g) = 4*g + 151. What is the remainder when o(10) is divided by 24?
23
Let a(x) = -11*x + 82. What is the remainder when 53 is divided by a(7)?
3
Let j(z) = -5*z - 10. Let v be j(-4). Suppose x = 80 - v. Suppose 3*s = b + 54, s - 4*b - 17 = 1. Calculate the remainder when x is divided by s.
16
Let h = 115 - 110. Calculate the remainder when 13 is divided by 3/(6/26) - h.
5
Calculate the remainder when 4 + 8 + -6 + 283 is divided by 49.
44
Let v(n) = 0*n + 8*n + 4*n**2 - 2 + 6*n. Suppose 0 = -4*a + 17 - 41. Calculate the remainder when v(a) is divided by 15.
13
Suppose -j + 5*j - 12 = 0, -5*y - 2*j + 291 = 0. Let r = 224 - 194. Calculate the remainder when y is divided by r.
27
Let r(y) = -y**2 + 5*y + 3. Let g be r(6). Let s(x) = 3*x**2 - 4*x - 1. Calculate the remainder when s(g) is divided by ((-5)/(-10))/((-2)/(-52)).
12
Suppose -2*a = -6*a - 20, 5*s + 5*a = 170. Let u = s - -17. Suppose -z = -3*z - 4*h + 38, z - 4 = -5*h. Calculate the remainder when u is divided by z.
27
Let i(g) = 3*g**3 - 12*g**2 + 3*g + 2. What is the remainder when 379 is divided by i(5)?
11
Let p(y) = -y + 17. Suppose -5*k + 50 = j, -3*k + 2*j = k - 40. Suppose -5*d + 4*o = 6*o - 59, d + o = 10. Calculate the remainder when d is divided by p(k).
6
Calculate the remainder when 113 is divided by ((72/8)/9)/(1/37).
2
Let h(z) = z**3 - 16*z**2 + 16*z - 5. Let f be h(15). Suppose -f - 4 = -i. Let q(w) = -w - 1. What is the remainder when i is divided by q(-6)?
4
Let l(h) = 3*h**2 + 22*h - 77. Calculate the remainder when 580 is divided by l(4).
49
Let x be 3/(-6)*4/(-1). Let u be -1*(-4 + x - 28). Suppose -4*h + u = h. Calculate the remainder when 11 is divided by h.
5
Let f = -349 - -433. Calculate the remainder when f is divided by 43.
41
Calculate the remainder when (-9)/((-54)/30) - -75 is divided by 32.
16
Suppose -1209 = -13*g - 18*g. Calculate the remainder when g is divided by 6.
3
Let x(d) = -5 - 3*d + 2*d**2 + 8*d + 6 - 2. What is the remainder when x(5) is divided by 25?
24
Calculate the remainder when 331 is divided by (-23)/(414/60)*(-10 + 4).
11
Suppose -20 = -5*o, 21*n - 2*o = 20*n + 8. Calculate the remainder when 195 is divided by n.
3
Let v = -5098 + 5151. Let t(i) = i**3 - i**2. Calculate the remainder when v is divided by t(3).
17
Suppose -8*j + 1457 + 527 = 0. Calculate the remainder when j is divided by 9.
5
Suppose 2*n - 704 = 4*n. Let a be (9/(-4))/(12/n). What is the remainder when 85 is divided by 15/3*a/15?
19
Let p(u) = 3*u**2 - 3*u + 6. What is the remainder when p(-5) is divided by (-1)/(6/72*-4) + 46?
47
Let i(n) = 2*n**2 - 5*n - 5. Let v be -5 - (15/5)/(-3). What is the remainder when 183 is divided by i(v)?
42
Let p be 1162/5 - ((-2)/5)/(-1). What is the remainder when 6/9 - p/(-12) is divided by 6?
2
Let h(n) = n**3 - 22*n**2 + 12*n - 196. Calculate the remainder when 267 is divided by h(22).
63
Suppose 0 = f + 1 - 6, -2*f + 82 = 4*b. Calculate the remainder when (0 - -2)/(4*5/710) is divided by b.
17
Let q = 253 - 228. Calculate the remainder when 97 is divided by q.
22
Calculate the remainder when (-4 + -2 - -5)*-187 is divided by 32.
27
Let g = 299 + -128. Calculate the remainder when g is divided by 58.
55
Let h = 2 - 11. Let v(m) = -m**3 - 9*m**2 - 8*m - 7. Calculate the remainder when v(h) is divided by 17.
14
What is the remainder when (12/(-30))/((-3)/(-30)) - -35 is divided by 8?
7
Let d be 1/3 + 6/(-18). Suppose 47 = -d*z + z. Calculate the remainder when z is divided by 12.
11
Let c(s) = 4*s**2 + 4*s - 109. Calculate the remainder when 82 is divided by c(6).
23
Let b(k) = -k**3 - 4*k**2 - k + 10. Calculate the remainder